{"id":603,"date":"2024-05-29T15:58:13","date_gmt":"2024-05-29T15:58:13","guid":{"rendered":"https:\/\/ganzarchitektur.ch\/?page_id=603"},"modified":"2025-01-01T17:15:50","modified_gmt":"2025-01-01T17:15:50","slug":"008_lau","status":"publish","type":"page","link":"https:\/\/ganzarchitektur.ch\/?page_id=603","title":{"rendered":"008_LAU"},"content":{"rendered":"\n<div class=\"wp-block-columns is-layout-flex wp-container-core-columns-is-layout-1 wp-block-columns-is-layout-flex\" style=\"padding-right:0;padding-left:0\">\n<div class=\"wp-block-column is-layout-flow wp-container-core-column-is-layout-1 wp-block-column-is-layout-flow\"><div class=\"wp-block-visual-portfolio alignwide\">\n<div class=\"vp-portfolio vp-uid-a0894c1f vp-id-Z2oVKD9 vp-portfolio__rcp\"\n\tdata-vp-layout=\"slider\" data-vp-content-source=\"images\" data-vp-items-style=\"default\" data-vp-items-click-action=\"\" data-vp-items-gap=\"30\" data-vp-items-gap-vertical=\"\" data-vp-pagination=\"load-more\" data-vp-next-page-url=\"\" data-vp-slider-effect=\"slide\" data-vp-slider-items-height=\"auto\" data-vp-slider-slides-per-view=\"1\" data-vp-slider-speed=\"0\" data-vp-slider-autoplay=\"0\" data-vp-slider-autoplay-hover-pause=\"false\" data-vp-slider-centered-slides=\"false\" data-vp-slider-loop=\"true\" data-vp-slider-free-mode=\"false\" data-vp-slider-free-mode-sticky=\"false\" data-vp-slider-arrows=\"true\" data-vp-slider-bullets=\"false\" data-vp-slider-bullets-dynamic=\"false\" data-vp-slider-mousewheel=\"false\" data-vp-slider-thumbnails=\"false\" >\n\t<div class=\"vp-portfolio__preloader-wrap\">\n\t\t<div class=\"vp-portfolio__preloader\">\n\t\t\t<img decoding=\"async\" loading=\"eager\" src=\"https:\/\/ganzarchitektur.ch\/wp-content\/plugins\/visual-portfolio-pro\/core-plugin\/assets\/images\/logo-dark.svg\" alt=\"Visual Portfolio, Posts &amp; Image Gallery for WordPress\" width=\"20\" height=\"20\" data-skip-lazy>\n\t\t<\/div>\n\t<\/div>\n\t\t<div class=\"vp-portfolio__items-wrap\">\n\t\t\t\n<div class=\"vp-portfolio__items vp-portfolio__items-style-default vp-portfolio__items-show-overlay-always\">\n\n\t\t<div\t\tclass=\"vp-portfolio__item-wrap vp-portfolio__item-uid-7262a6cc\" data-vp-filter=\"\" \t\t>\n\t\t\t\t\t\t\t\t\t<figure class=\"vp-portfolio__item\">\n\t\t\t\t\n<div class=\"vp-portfolio__item-img-wrap\">\n\t<div class=\"vp-portfolio__item-img\">\n\t\t\n\t\t<noscript><img loading=\"lazy\" decoding=\"async\" width=\"1920\" height=\"1440\" data-skip-lazy src=\"https:\/\/ganzarchitektur.ch\/wp-content\/uploads\/2024\/05\/008_01.png\" class=\"wp-image-900\" alt=\"\" srcset=\"https:\/\/ganzarchitektur.ch\/wp-content\/uploads\/2024\/05\/008_01.png 2000w, https:\/\/ganzarchitektur.ch\/wp-content\/uploads\/2024\/05\/008_01-300x225.png 300w, https:\/\/ganzarchitektur.ch\/wp-content\/uploads\/2024\/05\/008_01-1024x768.png 1024w\" sizes=\"auto, (max-width: 1920px) 100vw, 1920px\" \/><\/noscript><img fetchpriority=\"high\" decoding=\"async\" width=\"1920\" height=\"1440\" src=\"https:\/\/ganzarchitektur.ch\/wp-content\/uploads\/2024\/05\/008_01.png\" class=\"wp-image-900 vp-lazyload\" alt srcset=\"data:image\/svg+xml;base64,PHN2ZyB3aWR0aD0iMTkyMCIgaGVpZ2h0PSIxNDQwIiB2aWV3Qm94PSIwIDAgMTkyMCAxNDQwIiBmaWxsPSJub25lIiB4bWxucz0iaHR0cDovL3d3dy53My5vcmcvMjAwMC9zdmciPjwvc3ZnPg==\" data-src=\"https:\/\/ganzarchitektur.ch\/wp-content\/uploads\/2024\/05\/008_01.png\" data-srcset=\"https:\/\/ganzarchitektur.ch\/wp-content\/uploads\/2024\/05\/008_01.png 2000w, https:\/\/ganzarchitektur.ch\/wp-content\/uploads\/2024\/05\/008_01-300x225.png 300w, https:\/\/ganzarchitektur.ch\/wp-content\/uploads\/2024\/05\/008_01-1024x768.png 1024w\" data-sizes=\"auto\" loading=\"eager\">\n\t\t<div class=\"vp-portfolio__item-overlay\">\n\t\t\t\t\t<\/div>\n\n\t\t\t<\/div>\n<\/div>\n\n\t\t\t<\/figure>\n\t\t\t\t\t<\/div>\n\t\t\n\t\t<div\t\tclass=\"vp-portfolio__item-wrap vp-portfolio__item-uid-bdd9f13f\" data-vp-filter=\"\" \t\t>\n\t\t\t\t\t\t\t\t\t<figure class=\"vp-portfolio__item\">\n\t\t\t\t\n<div class=\"vp-portfolio__item-img-wrap\">\n\t<div class=\"vp-portfolio__item-img\">\n\t\t\n\t\t<noscript><img loading=\"lazy\" decoding=\"async\" width=\"1920\" height=\"1440\" data-skip-lazy src=\"https:\/\/ganzarchitektur.ch\/wp-content\/uploads\/2024\/05\/008_02.png\" class=\"wp-image-901\" alt=\"\" \/><\/noscript><img decoding=\"async\" width=\"1920\" height=\"1440\" src=\"data:image\/svg+xml;base64,PHN2ZyB3aWR0aD0iMTkyMCIgaGVpZ2h0PSIxNDQwIiB2aWV3Qm94PSIwIDAgMTkyMCAxNDQwIiBmaWxsPSJub25lIiB4bWxucz0iaHR0cDovL3d3dy53My5vcmcvMjAwMC9zdmciPjwvc3ZnPg==\" class=\"wp-image-901 vp-lazyload\" alt data-src=\"https:\/\/ganzarchitektur.ch\/wp-content\/uploads\/2024\/05\/008_02.png\" data-sizes=\"auto\" loading=\"eager\">\n\t\t<div class=\"vp-portfolio__item-overlay\">\n\t\t\t\t\t<\/div>\n\n\t\t\t<\/div>\n<\/div>\n\n\t\t\t<\/figure>\n\t\t\t\t\t<\/div>\n\t\t\n\t\t<div\t\tclass=\"vp-portfolio__item-wrap vp-portfolio__item-uid-36650f6b\" data-vp-filter=\"\" \t\t>\n\t\t\t\t\t\t\t\t\t<figure class=\"vp-portfolio__item\">\n\t\t\t\t\n<div class=\"vp-portfolio__item-img-wrap\">\n\t<div class=\"vp-portfolio__item-img\">\n\t\t\n\t\t<noscript><img loading=\"lazy\" decoding=\"async\" width=\"1920\" height=\"1440\" data-skip-lazy src=\"https:\/\/ganzarchitektur.ch\/wp-content\/uploads\/2024\/05\/008_03.png\" class=\"wp-image-902\" alt=\"\" \/><\/noscript><img decoding=\"async\" width=\"1920\" height=\"1440\" src=\"data:image\/svg+xml;base64,PHN2ZyB3aWR0aD0iMTkyMCIgaGVpZ2h0PSIxNDQwIiB2aWV3Qm94PSIwIDAgMTkyMCAxNDQwIiBmaWxsPSJub25lIiB4bWxucz0iaHR0cDovL3d3dy53My5vcmcvMjAwMC9zdmciPjwvc3ZnPg==\" class=\"wp-image-902 vp-lazyload\" alt data-src=\"https:\/\/ganzarchitektur.ch\/wp-content\/uploads\/2024\/05\/008_03.png\" data-sizes=\"auto\" loading=\"eager\">\n\t\t<div class=\"vp-portfolio__item-overlay\">\n\t\t\t\t\t<\/div>\n\n\t\t\t<\/div>\n<\/div>\n\n\t\t\t<\/figure>\n\t\t\t\t\t<\/div>\n\t\t\n\t\t<div\t\tclass=\"vp-portfolio__item-wrap vp-portfolio__item-uid-6b26bf4b\" data-vp-filter=\"\" \t\t>\n\t\t\t\t\t\t\t\t\t<figure class=\"vp-portfolio__item\">\n\t\t\t\t\n<div class=\"vp-portfolio__item-img-wrap\">\n\t<div class=\"vp-portfolio__item-img\">\n\t\t\n\t\t<noscript><img loading=\"lazy\" decoding=\"async\" width=\"1920\" height=\"1440\" data-skip-lazy src=\"https:\/\/ganzarchitektur.ch\/wp-content\/uploads\/2024\/08\/008_04-1920x1440.png\" class=\"wp-image-1346\" alt=\"\" srcset=\"https:\/\/ganzarchitektur.ch\/wp-content\/uploads\/2024\/08\/008_04-1920x1440.png 1920w, https:\/\/ganzarchitektur.ch\/wp-content\/uploads\/2024\/08\/008_04-300x225.png 300w, https:\/\/ganzarchitektur.ch\/wp-content\/uploads\/2024\/08\/008_04-1024x768.png 1024w, https:\/\/ganzarchitektur.ch\/wp-content\/uploads\/2024\/08\/008_04-768x576.png 768w, https:\/\/ganzarchitektur.ch\/wp-content\/uploads\/2024\/08\/008_04-1536x1152.png 1536w, https:\/\/ganzarchitektur.ch\/wp-content\/uploads\/2024\/08\/008_04-500x375.png 500w, https:\/\/ganzarchitektur.ch\/wp-content\/uploads\/2024\/08\/008_04-800x600.png 800w, https:\/\/ganzarchitektur.ch\/wp-content\/uploads\/2024\/08\/008_04-1280x960.png 1280w, https:\/\/ganzarchitektur.ch\/wp-content\/uploads\/2024\/08\/008_04.png 2000w\" sizes=\"auto, (max-width: 1920px) 100vw, 1920px\" \/><\/noscript><img decoding=\"async\" width=\"1920\" height=\"1440\" src=\"https:\/\/ganzarchitektur.ch\/wp-content\/uploads\/2024\/08\/008_04-1920x1440.png\" class=\"wp-image-1346 vp-lazyload\" alt srcset=\"data:image\/svg+xml;base64,PHN2ZyB3aWR0aD0iMTkyMCIgaGVpZ2h0PSIxNDQwIiB2aWV3Qm94PSIwIDAgMTkyMCAxNDQwIiBmaWxsPSJub25lIiB4bWxucz0iaHR0cDovL3d3dy53My5vcmcvMjAwMC9zdmciPjwvc3ZnPg==\" data-src=\"https:\/\/ganzarchitektur.ch\/wp-content\/uploads\/2024\/08\/008_04-1920x1440.png\" data-srcset=\"https:\/\/ganzarchitektur.ch\/wp-content\/uploads\/2024\/08\/008_04-1920x1440.png 1920w, https:\/\/ganzarchitektur.ch\/wp-content\/uploads\/2024\/08\/008_04-300x225.png 300w, https:\/\/ganzarchitektur.ch\/wp-content\/uploads\/2024\/08\/008_04-1024x768.png 1024w, https:\/\/ganzarchitektur.ch\/wp-content\/uploads\/2024\/08\/008_04-768x576.png 768w, https:\/\/ganzarchitektur.ch\/wp-content\/uploads\/2024\/08\/008_04-1536x1152.png 1536w, https:\/\/ganzarchitektur.ch\/wp-content\/uploads\/2024\/08\/008_04-500x375.png 500w, https:\/\/ganzarchitektur.ch\/wp-content\/uploads\/2024\/08\/008_04-800x600.png 800w, https:\/\/ganzarchitektur.ch\/wp-content\/uploads\/2024\/08\/008_04-1280x960.png 1280w, https:\/\/ganzarchitektur.ch\/wp-content\/uploads\/2024\/08\/008_04.png 2000w\" data-sizes=\"auto\" loading=\"eager\">\n\t\t<div class=\"vp-portfolio__item-overlay\">\n\t\t\t\t\t<\/div>\n\n\t\t\t<\/div>\n<\/div>\n\n\t\t\t<\/figure>\n\t\t\t\t\t<\/div>\n\t\t\n<\/div>\n\n<div class=\"vp-portfolio__items-arrow vp-portfolio__items-arrow-prev\" tabindex=\"0\" role=\"button\" aria-label=\"Previous Slide\">\n\t\n<svg class=\"vp-svg-icon\" width=\"20\" height=\"20\" viewBox=\"0 0 20 20\" fill=\"none\" xmlns=\"http:\/\/www.w3.org\/2000\/svg\">\n\t<path d=\"M12 4L6 10L12 16\" stroke=\"currentColor\" stroke-width=\"1.5\" stroke-linecap=\"round\" stroke-linejoin=\"round\" fill=\"transparent\" \/>\n<\/svg>\n<\/div>\n<div class=\"vp-portfolio__items-arrow vp-portfolio__items-arrow-next\" tabindex=\"0\" role=\"button\" aria-label=\"Next Slide\">\n\t\n<svg class=\"vp-svg-icon\" width=\"20\" height=\"20\" viewBox=\"0 0 20 20\" fill=\"none\" xmlns=\"http:\/\/www.w3.org\/2000\/svg\">\n\t<path d=\"M8 4L14 10L8 16\" stroke=\"currentColor\" stroke-width=\"1.5\" stroke-linecap=\"round\" stroke-linejoin=\"round\" fill=\"transparent\" \/>\n<\/svg>\n<\/div>\n\t\t<\/div>\n\t\t\n<\/div>\n<\/div><\/div>\n\n\n\n<div class=\"wp-block-column has-global-padding is-content-justification-left is-layout-constrained wp-container-core-column-is-layout-2 wp-block-column-is-layout-constrained\" style=\"padding-right:0;padding-left:0;flex-basis:45vw\">\n<h2 class=\"wp-block-heading\" style=\"font-size:clamp(18.959px, 1.185rem + ((1vw - 3.2px) * 0.863), 30px);\">Primarschulhaus Laubegg<\/h2>\n\n\n\n<div style=\"height:1em\" aria-hidden=\"true\" class=\"wp-block-spacer\"><\/div>\n\n\n\n<p>Die Erweiterung der Schule und Turnhalle Laubegg erg\u00e4nzt die bestehende, 2005 und 2019 erbaute Schulanlage und bettet sich in diese ein. Den Kontext bildet das Winterthurer Aussenquartier D\u00e4ttnau, etwas von der Stadt abgewandt und erh\u00f6ht \u00fcber der T\u00f6ss auf einem Plateau. Entwicklungstreiber f\u00fcr die Quartierentwicklung war der Lehmabbau und Brennerei der Keller Ziegeleien, sowie der Bau von Doppeleinfamilienh\u00e4usern als Arbeitersiedlung der Firma Rieter in der Nachkriegszeit. Diese markieren den Beginn des D\u00e4ttnaus als Wohnquartier. Sp\u00e4ter folgten vorst\u00e4dtische Mehrfamilienh\u00e4user und erst vor wenigen Jahren begann mit grossmassst\u00e4blichen Wohnbauten die bauliche Verst\u00e4dterung des Quartiers.<\/p>\n\n\n\n<p>In Logik der Schulanlage Laubegg entwickelt sich der Erweiterungsbau linear entlang der H\u00fcndlerstrasse. Er bildet sowohl zweigeschossig gegen die bestehende Schule, als auch viergeschossig gegen die D\u00e4ttnauerstrasse eine einladende Eingangsgeste, respektive als Quartierauftakt ein markantes Gesicht aus und macht dort die heute von der Hauptstrasse kaum wahrnehmbare \u00f6ffentliche Anlage sichtbar. Mit dem bestehenden Schulgeb\u00e4ude spannt der Neubau um das von Vereinen genutzte alte Schutzenhaus eine park\u00e4hnliche (Quartier-)Mitte auf. Der alte Baumbestand wird erhalten, die Artenvielfalt und Aufenthaltsqualit\u00e4t der Aussenanlage aufgewertet.<\/p>\n\n\n\n<p>Der Eingang des Erweiterungsbaus orientiert sich zum bestehenden Schulgeb\u00e4ude und f\u00fchrt \u00fcber unterschiedliche Zug\u00e4nge zur Turnhalle und eine gedeckte aussenliegende Treppenanlage zu den Schulzimmern und der Tagesstruktur. Die Tragstruktur aus Holz ist sowohl an den Fassaden als auch in den Innenr\u00e4umen pr\u00e4gend. In deren regelhaftem Aufbau finden in einer Reihe Haupt- und Nebenr\u00e4ume der Schulnutzung Platz und lassen flexibel zuk\u00fcnftige Nutzungs\u00e4nderungen zu. Der Aussenbereich der Tagesstruktur liegt auf einer Terrasse gegen die Schulanlage.<\/p>\n\n\n\n<p>An den Fassaden und in den Innenr\u00e4umen werden haptische und langlebige Materialien eingesetzt. Es kommen feine Farbakzente zum Einsatz. Diese unterst\u00fctzen den leichten, offenen und fr\u00f6hlichen Charakter des Geb\u00e4udes.<\/p>\n\n\n\n<div style=\"height:2em\" aria-hidden=\"true\" class=\"wp-block-spacer\"><\/div>\n\n\n\n<div class=\"wp-block-group .block-1 is-horizontal is-content-justification-left is-layout-flex wp-container-core-group-is-layout-1 wp-block-group-is-layout-flex\">\n<p>Auftraggeber: <\/p>\n\n\n\n<p>Stadt Winterthur<\/p>\n<\/div>\n\n\n\n<div class=\"wp-block-group is-horizontal is-content-justification-left is-layout-flex wp-container-core-group-is-layout-2 wp-block-group-is-layout-flex\">\n<p>Adresse, Ort: <\/p>\n\n\n\n<p>D\u00e4ttnau, Winterthur<\/p>\n<\/div>\n\n\n\n<div class=\"wp-block-group is-horizontal is-content-justification-left is-layout-flex wp-container-core-group-is-layout-3 wp-block-group-is-layout-flex\">\n<p>Verfahren: <\/p>\n\n\n\n<p>Projektwettbewerb im offenen Verfahren 2023, 2. Preis<\/p>\n<\/div>\n\n\n\n<div class=\"wp-block-group is-horizontal is-content-justification-left is-layout-flex wp-container-core-group-is-layout-4 wp-block-group-is-layout-flex\">\n<p>Nutzung: <\/p>\n\n\n\n<p>Schule, Tagesstruktur, Sporthalle<\/p>\n<\/div>\n\n\n\n<p>Projektteam: Julian Ganz, Lorenz M\u00f6rikofer, Severin Kunz, Alexandra Vontobel<\/p>\n\n\n\n<div class=\"wp-block-group is-horizontal is-content-justification-left is-layout-flex wp-container-core-group-is-layout-5 wp-block-group-is-layout-flex\">\n<p>Landschaft:<\/p>\n\n\n\n<p>Zumstein Landschaften<\/p>\n<\/div>\n\n\n\n<div class=\"wp-block-group is-horizontal is-content-justification-left is-layout-flex wp-container-core-group-is-layout-6 wp-block-group-is-layout-flex\">\n<p>Tragwerk: <\/p>\n\n\n\n<p>Dr. Deuring + Oehninger AG<\/p>\n<\/div>\n\n\n\n<div class=\"wp-block-group is-horizontal is-content-justification-left is-layout-flex wp-container-core-group-is-layout-7 wp-block-group-is-layout-flex\">\n<p>HLKS-Planer: <\/p>\n\n\n\n<p>s3 GmbH<\/p>\n<\/div>\n\n\n\n<div class=\"wp-block-group is-horizontal is-content-justification-left is-layout-flex wp-container-core-group-is-layout-8 wp-block-group-is-layout-flex\">\n<p>Modellbau:  <\/p>\n\n\n\n<p>Oehrli+Fricker Modellbau AG<\/p>\n<\/div>\n<\/div>\n<\/div>\n","protected":false},"excerpt":{"rendered":"<p>Primarschulhaus Laubegg Die Erweiterung der Schule und Turnhalle Laubegg erg\u00e4nzt die bestehende, 2005 und 2019 erbaute Schulanlage und bettet sich in diese ein. Den Kontext bildet das Winterthurer Aussenquartier D\u00e4ttnau, etwas von der Stadt abgewandt und erh\u00f6ht \u00fcber der T\u00f6ss auf einem Plateau. Entwicklungstreiber f\u00fcr die Quartierentwicklung war der Lehmabbau und Brennerei der Keller Ziegeleien, [&hellip;]<\/p>\n","protected":false},"author":2,"featured_media":0,"parent":0,"menu_order":0,"comment_status":"closed","ping_status":"open","template":"wp-custom-template-aljs-03-2","meta":{"_vp_format_video_url":"","_vp_image_focal_point":[],"_vp_custom_popup_image":0,"_vp_format_audio_url":"","_vp_custom_thumbnail":0,"_vp_custom_thumbnail_focal_point":[],"_vp_hover_thumbnail":0,"_vp_hover_thumbnail_focal_point":[],"footnotes":""},"class_list":["post-603","page","type-page","status-publish","hentry"],"_links":{"self":[{"href":"https:\/\/ganzarchitektur.ch\/index.php?rest_route=\/wp\/v2\/pages\/603","targetHints":{"allow":["GET"]}}],"collection":[{"href":"https:\/\/ganzarchitektur.ch\/index.php?rest_route=\/wp\/v2\/pages"}],"about":[{"href":"https:\/\/ganzarchitektur.ch\/index.php?rest_route=\/wp\/v2\/types\/page"}],"author":[{"embeddable":true,"href":"https:\/\/ganzarchitektur.ch\/index.php?rest_route=\/wp\/v2\/users\/2"}],"replies":[{"embeddable":true,"href":"https:\/\/ganzarchitektur.ch\/index.php?rest_route=%2Fwp%2Fv2%2Fcomments&post=603"}],"version-history":[{"count":255,"href":"https:\/\/ganzarchitektur.ch\/index.php?rest_route=\/wp\/v2\/pages\/603\/revisions"}],"predecessor-version":[{"id":1394,"href":"https:\/\/ganzarchitektur.ch\/index.php?rest_route=\/wp\/v2\/pages\/603\/revisions\/1394"}],"wp:attachment":[{"href":"https:\/\/ganzarchitektur.ch\/index.php?rest_route=%2Fwp%2Fv2%2Fmedia&parent=603"}],"curies":[{"name":"wp","href":"https:\/\/api.w.org\/{rel}","templated":true}]}}