{"id":1153,"date":"2024-05-29T15:48:24","date_gmt":"2024-05-29T15:48:24","guid":{"rendered":"https:\/\/ganzarchitektur.ch\/?page_id=1153"},"modified":"2025-02-05T14:31:52","modified_gmt":"2025-02-05T14:31:52","slug":"000_bel","status":"publish","type":"page","link":"https:\/\/ganzarchitektur.ch\/?page_id=1153","title":{"rendered":"000_BEL"},"content":{"rendered":"\n<div class=\"wp-block-columns is-layout-flex wp-container-core-columns-is-layout-1 wp-block-columns-is-layout-flex\" style=\"padding-right:0;padding-left:0\">\n<div class=\"wp-block-column is-layout-flow wp-container-core-column-is-layout-1 wp-block-column-is-layout-flow\"><div class=\"wp-block-visual-portfolio alignwide\">\n<div class=\"vp-portfolio vp-uid-8fd16c59 vp-id-9yuXP vp-portfolio__rcp\"\n\tdata-vp-layout=\"slider\" data-vp-content-source=\"images\" data-vp-items-style=\"default\" data-vp-items-click-action=\"\" data-vp-items-gap=\"30\" data-vp-items-gap-vertical=\"\" data-vp-pagination=\"load-more\" data-vp-next-page-url=\"\" data-vp-slider-effect=\"slide\" data-vp-slider-items-height=\"auto\" data-vp-slider-slides-per-view=\"1\" data-vp-slider-speed=\"0\" data-vp-slider-autoplay=\"0\" data-vp-slider-autoplay-hover-pause=\"false\" data-vp-slider-centered-slides=\"false\" data-vp-slider-loop=\"true\" data-vp-slider-free-mode=\"false\" data-vp-slider-free-mode-sticky=\"false\" data-vp-slider-arrows=\"true\" data-vp-slider-bullets=\"false\" data-vp-slider-bullets-dynamic=\"false\" data-vp-slider-mousewheel=\"false\" data-vp-slider-thumbnails=\"false\" >\n\t<div class=\"vp-portfolio__preloader-wrap\">\n\t\t<div class=\"vp-portfolio__preloader\">\n\t\t\t<img decoding=\"async\" loading=\"eager\" src=\"https:\/\/ganzarchitektur.ch\/wp-content\/plugins\/visual-portfolio-pro\/core-plugin\/assets\/images\/logo-dark.svg\" alt=\"Visual Portfolio, Posts &amp; Image Gallery for WordPress\" width=\"20\" height=\"20\" data-skip-lazy>\n\t\t<\/div>\n\t<\/div>\n\t\t<div class=\"vp-portfolio__items-wrap\">\n\t\t\t\n<div class=\"vp-portfolio__items vp-portfolio__items-style-default vp-portfolio__items-show-overlay-always\">\n\n\t\t<div\t\tclass=\"vp-portfolio__item-wrap vp-portfolio__item-uid-672e432b\" data-vp-filter=\"\" \t\t>\n\t\t\t\t\t\t\t\t\t<figure class=\"vp-portfolio__item\">\n\t\t\t\t\n<div class=\"vp-portfolio__item-img-wrap\">\n\t<div class=\"vp-portfolio__item-img\">\n\t\t\n\t\t<noscript><img loading=\"lazy\" decoding=\"async\" width=\"1920\" height=\"1440\" data-skip-lazy src=\"https:\/\/ganzarchitektur.ch\/wp-content\/uploads\/2024\/05\/000_BEL_02.png\" class=\"wp-image-1132\" alt=\"\" \/><\/noscript><img fetchpriority=\"high\" decoding=\"async\" width=\"1920\" height=\"1440\" src=\"data:image\/svg+xml;base64,PHN2ZyB3aWR0aD0iMTkyMCIgaGVpZ2h0PSIxNDQwIiB2aWV3Qm94PSIwIDAgMTkyMCAxNDQwIiBmaWxsPSJub25lIiB4bWxucz0iaHR0cDovL3d3dy53My5vcmcvMjAwMC9zdmciPjwvc3ZnPg==\" class=\"wp-image-1132 vp-lazyload\" alt data-src=\"https:\/\/ganzarchitektur.ch\/wp-content\/uploads\/2024\/05\/000_BEL_02.png\" data-sizes=\"auto\" loading=\"eager\">\n\t\t<div class=\"vp-portfolio__item-overlay\">\n\t\t\t\t\t<\/div>\n\n\t\t\t<\/div>\n<\/div>\n\n\t\t\t<\/figure>\n\t\t\t\t\t<\/div>\n\t\t\n\t\t<div\t\tclass=\"vp-portfolio__item-wrap vp-portfolio__item-uid-c42aff38\" data-vp-filter=\"\" \t\t>\n\t\t\t\t\t\t\t\t\t<figure class=\"vp-portfolio__item\">\n\t\t\t\t\n<div class=\"vp-portfolio__item-img-wrap\">\n\t<div class=\"vp-portfolio__item-img\">\n\t\t\n\t\t<noscript><img loading=\"lazy\" decoding=\"async\" width=\"1920\" height=\"1440\" data-skip-lazy src=\"https:\/\/ganzarchitektur.ch\/wp-content\/uploads\/2024\/05\/000_BEL_05.png\" class=\"wp-image-1135\" alt=\"\" srcset=\"https:\/\/ganzarchitektur.ch\/wp-content\/uploads\/2024\/05\/000_BEL_05.png 2000w, https:\/\/ganzarchitektur.ch\/wp-content\/uploads\/2024\/05\/000_BEL_05-300x225.png 300w, https:\/\/ganzarchitektur.ch\/wp-content\/uploads\/2024\/05\/000_BEL_05-1024x768.png 1024w\" sizes=\"auto, (max-width: 1920px) 100vw, 1920px\" \/><\/noscript><img decoding=\"async\" width=\"1920\" height=\"1440\" src=\"https:\/\/ganzarchitektur.ch\/wp-content\/uploads\/2024\/05\/000_BEL_05.png\" class=\"wp-image-1135 vp-lazyload\" alt srcset=\"data:image\/svg+xml;base64,PHN2ZyB3aWR0aD0iMTkyMCIgaGVpZ2h0PSIxNDQwIiB2aWV3Qm94PSIwIDAgMTkyMCAxNDQwIiBmaWxsPSJub25lIiB4bWxucz0iaHR0cDovL3d3dy53My5vcmcvMjAwMC9zdmciPjwvc3ZnPg==\" data-src=\"https:\/\/ganzarchitektur.ch\/wp-content\/uploads\/2024\/05\/000_BEL_05.png\" data-srcset=\"https:\/\/ganzarchitektur.ch\/wp-content\/uploads\/2024\/05\/000_BEL_05.png 2000w, https:\/\/ganzarchitektur.ch\/wp-content\/uploads\/2024\/05\/000_BEL_05-300x225.png 300w, https:\/\/ganzarchitektur.ch\/wp-content\/uploads\/2024\/05\/000_BEL_05-1024x768.png 1024w\" data-sizes=\"auto\" loading=\"eager\">\n\t\t<div class=\"vp-portfolio__item-overlay\">\n\t\t\t\t\t<\/div>\n\n\t\t\t<\/div>\n<\/div>\n\n\t\t\t<\/figure>\n\t\t\t\t\t<\/div>\n\t\t\n\t\t<div\t\tclass=\"vp-portfolio__item-wrap vp-portfolio__item-uid-1a83d452\" data-vp-filter=\"\" \t\t>\n\t\t\t\t\t\t\t\t\t<figure class=\"vp-portfolio__item\">\n\t\t\t\t\n<div class=\"vp-portfolio__item-img-wrap\">\n\t<div class=\"vp-portfolio__item-img\">\n\t\t\n\t\t<noscript><img loading=\"lazy\" decoding=\"async\" width=\"1920\" height=\"1440\" data-skip-lazy src=\"https:\/\/ganzarchitektur.ch\/wp-content\/uploads\/2024\/05\/000_BEL_06.png\" class=\"wp-image-1136\" alt=\"\" srcset=\"https:\/\/ganzarchitektur.ch\/wp-content\/uploads\/2024\/05\/000_BEL_06.png 2000w, https:\/\/ganzarchitektur.ch\/wp-content\/uploads\/2024\/05\/000_BEL_06-300x225.png 300w, https:\/\/ganzarchitektur.ch\/wp-content\/uploads\/2024\/05\/000_BEL_06-1024x768.png 1024w\" sizes=\"auto, (max-width: 1920px) 100vw, 1920px\" \/><\/noscript><img decoding=\"async\" width=\"1920\" height=\"1440\" src=\"https:\/\/ganzarchitektur.ch\/wp-content\/uploads\/2024\/05\/000_BEL_06.png\" class=\"wp-image-1136 vp-lazyload\" alt srcset=\"data:image\/svg+xml;base64,PHN2ZyB3aWR0aD0iMTkyMCIgaGVpZ2h0PSIxNDQwIiB2aWV3Qm94PSIwIDAgMTkyMCAxNDQwIiBmaWxsPSJub25lIiB4bWxucz0iaHR0cDovL3d3dy53My5vcmcvMjAwMC9zdmciPjwvc3ZnPg==\" data-src=\"https:\/\/ganzarchitektur.ch\/wp-content\/uploads\/2024\/05\/000_BEL_06.png\" data-srcset=\"https:\/\/ganzarchitektur.ch\/wp-content\/uploads\/2024\/05\/000_BEL_06.png 2000w, https:\/\/ganzarchitektur.ch\/wp-content\/uploads\/2024\/05\/000_BEL_06-300x225.png 300w, https:\/\/ganzarchitektur.ch\/wp-content\/uploads\/2024\/05\/000_BEL_06-1024x768.png 1024w\" data-sizes=\"auto\" loading=\"eager\">\n\t\t<div class=\"vp-portfolio__item-overlay\">\n\t\t\t\t\t<\/div>\n\n\t\t\t<\/div>\n<\/div>\n\n\t\t\t<\/figure>\n\t\t\t\t\t<\/div>\n\t\t\n\t\t<div\t\tclass=\"vp-portfolio__item-wrap vp-portfolio__item-uid-c9ed9cce\" data-vp-filter=\"\" \t\t>\n\t\t\t\t\t\t\t\t\t<figure class=\"vp-portfolio__item\">\n\t\t\t\t\n<div class=\"vp-portfolio__item-img-wrap\">\n\t<div class=\"vp-portfolio__item-img\">\n\t\t\n\t\t<noscript><img loading=\"lazy\" decoding=\"async\" width=\"1920\" height=\"1440\" data-skip-lazy src=\"https:\/\/ganzarchitektur.ch\/wp-content\/uploads\/2024\/05\/000_BEL_04.png\" class=\"wp-image-1134\" alt=\"\" srcset=\"https:\/\/ganzarchitektur.ch\/wp-content\/uploads\/2024\/05\/000_BEL_04.png 2000w, https:\/\/ganzarchitektur.ch\/wp-content\/uploads\/2024\/05\/000_BEL_04-300x225.png 300w, https:\/\/ganzarchitektur.ch\/wp-content\/uploads\/2024\/05\/000_BEL_04-1024x768.png 1024w, https:\/\/ganzarchitektur.ch\/wp-content\/uploads\/2024\/05\/000_BEL_04-768x576.png 768w\" sizes=\"auto, (max-width: 1920px) 100vw, 1920px\" \/><\/noscript><img decoding=\"async\" width=\"1920\" height=\"1440\" src=\"https:\/\/ganzarchitektur.ch\/wp-content\/uploads\/2024\/05\/000_BEL_04.png\" class=\"wp-image-1134 vp-lazyload\" alt srcset=\"data:image\/svg+xml;base64,PHN2ZyB3aWR0aD0iMTkyMCIgaGVpZ2h0PSIxNDQwIiB2aWV3Qm94PSIwIDAgMTkyMCAxNDQwIiBmaWxsPSJub25lIiB4bWxucz0iaHR0cDovL3d3dy53My5vcmcvMjAwMC9zdmciPjwvc3ZnPg==\" data-src=\"https:\/\/ganzarchitektur.ch\/wp-content\/uploads\/2024\/05\/000_BEL_04.png\" data-srcset=\"https:\/\/ganzarchitektur.ch\/wp-content\/uploads\/2024\/05\/000_BEL_04.png 2000w, https:\/\/ganzarchitektur.ch\/wp-content\/uploads\/2024\/05\/000_BEL_04-300x225.png 300w, https:\/\/ganzarchitektur.ch\/wp-content\/uploads\/2024\/05\/000_BEL_04-1024x768.png 1024w, https:\/\/ganzarchitektur.ch\/wp-content\/uploads\/2024\/05\/000_BEL_04-768x576.png 768w\" data-sizes=\"auto\" loading=\"eager\">\n\t\t<div class=\"vp-portfolio__item-overlay\">\n\t\t\t\t\t<\/div>\n\n\t\t\t<\/div>\n<\/div>\n\n\t\t\t<\/figure>\n\t\t\t\t\t<\/div>\n\t\t\n\t\t<div\t\tclass=\"vp-portfolio__item-wrap vp-portfolio__item-uid-e5a9d57d\" data-vp-filter=\"\" \t\t>\n\t\t\t\t\t\t\t\t\t<figure class=\"vp-portfolio__item\">\n\t\t\t\t\n<div class=\"vp-portfolio__item-img-wrap\">\n\t<div class=\"vp-portfolio__item-img\">\n\t\t\n\t\t<noscript><img loading=\"lazy\" decoding=\"async\" width=\"1920\" height=\"1440\" data-skip-lazy src=\"https:\/\/ganzarchitektur.ch\/wp-content\/uploads\/2024\/05\/000_BEL_03.png\" class=\"wp-image-1133\" alt=\"\" \/><\/noscript><img decoding=\"async\" width=\"1920\" height=\"1440\" src=\"data:image\/svg+xml;base64,PHN2ZyB3aWR0aD0iMTkyMCIgaGVpZ2h0PSIxNDQwIiB2aWV3Qm94PSIwIDAgMTkyMCAxNDQwIiBmaWxsPSJub25lIiB4bWxucz0iaHR0cDovL3d3dy53My5vcmcvMjAwMC9zdmciPjwvc3ZnPg==\" class=\"wp-image-1133 vp-lazyload\" alt data-src=\"https:\/\/ganzarchitektur.ch\/wp-content\/uploads\/2024\/05\/000_BEL_03.png\" data-sizes=\"auto\" loading=\"eager\">\n\t\t<div class=\"vp-portfolio__item-overlay\">\n\t\t\t\t\t<\/div>\n\n\t\t\t<\/div>\n<\/div>\n\n\t\t\t<\/figure>\n\t\t\t\t\t<\/div>\n\t\t\n\t\t<div\t\tclass=\"vp-portfolio__item-wrap vp-portfolio__item-uid-36c79de1\" data-vp-filter=\"\" \t\t>\n\t\t\t\t\t\t\t\t\t<figure class=\"vp-portfolio__item\">\n\t\t\t\t\n<div class=\"vp-portfolio__item-img-wrap\">\n\t<div class=\"vp-portfolio__item-img\">\n\t\t\n\t\t<noscript><img loading=\"lazy\" decoding=\"async\" width=\"1920\" height=\"1440\" data-skip-lazy src=\"https:\/\/ganzarchitektur.ch\/wp-content\/uploads\/2024\/05\/000_BEL_01.png\" class=\"wp-image-1131\" alt=\"\" srcset=\"https:\/\/ganzarchitektur.ch\/wp-content\/uploads\/2024\/05\/000_BEL_01.png 2000w, https:\/\/ganzarchitektur.ch\/wp-content\/uploads\/2024\/05\/000_BEL_01-300x225.png 300w, https:\/\/ganzarchitektur.ch\/wp-content\/uploads\/2024\/05\/000_BEL_01-1024x768.png 1024w, https:\/\/ganzarchitektur.ch\/wp-content\/uploads\/2024\/05\/000_BEL_01-768x576.png 768w\" sizes=\"auto, (max-width: 1920px) 100vw, 1920px\" \/><\/noscript><img decoding=\"async\" width=\"1920\" height=\"1440\" src=\"https:\/\/ganzarchitektur.ch\/wp-content\/uploads\/2024\/05\/000_BEL_01.png\" class=\"wp-image-1131 vp-lazyload\" alt srcset=\"data:image\/svg+xml;base64,PHN2ZyB3aWR0aD0iMTkyMCIgaGVpZ2h0PSIxNDQwIiB2aWV3Qm94PSIwIDAgMTkyMCAxNDQwIiBmaWxsPSJub25lIiB4bWxucz0iaHR0cDovL3d3dy53My5vcmcvMjAwMC9zdmciPjwvc3ZnPg==\" data-src=\"https:\/\/ganzarchitektur.ch\/wp-content\/uploads\/2024\/05\/000_BEL_01.png\" data-srcset=\"https:\/\/ganzarchitektur.ch\/wp-content\/uploads\/2024\/05\/000_BEL_01.png 2000w, https:\/\/ganzarchitektur.ch\/wp-content\/uploads\/2024\/05\/000_BEL_01-300x225.png 300w, https:\/\/ganzarchitektur.ch\/wp-content\/uploads\/2024\/05\/000_BEL_01-1024x768.png 1024w, https:\/\/ganzarchitektur.ch\/wp-content\/uploads\/2024\/05\/000_BEL_01-768x576.png 768w\" data-sizes=\"auto\" loading=\"eager\">\n\t\t<div class=\"vp-portfolio__item-overlay\">\n\t\t\t\t\t<\/div>\n\n\t\t\t<\/div>\n<\/div>\n\n\t\t\t<\/figure>\n\t\t\t\t\t<\/div>\n\t\t\n<\/div>\n\n<div class=\"vp-portfolio__items-arrow vp-portfolio__items-arrow-prev\" tabindex=\"0\" role=\"button\" aria-label=\"Previous Slide\">\n\t\n<svg class=\"vp-svg-icon\" width=\"20\" height=\"20\" viewBox=\"0 0 20 20\" fill=\"none\" xmlns=\"http:\/\/www.w3.org\/2000\/svg\">\n\t<path d=\"M12 4L6 10L12 16\" stroke=\"currentColor\" stroke-width=\"1.5\" stroke-linecap=\"round\" stroke-linejoin=\"round\" fill=\"transparent\" \/>\n<\/svg>\n<\/div>\n<div class=\"vp-portfolio__items-arrow vp-portfolio__items-arrow-next\" tabindex=\"0\" role=\"button\" aria-label=\"Next Slide\">\n\t\n<svg class=\"vp-svg-icon\" width=\"20\" height=\"20\" viewBox=\"0 0 20 20\" fill=\"none\" xmlns=\"http:\/\/www.w3.org\/2000\/svg\">\n\t<path d=\"M8 4L14 10L8 16\" stroke=\"currentColor\" stroke-width=\"1.5\" stroke-linecap=\"round\" stroke-linejoin=\"round\" fill=\"transparent\" \/>\n<\/svg>\n<\/div>\n\t\t<\/div>\n\t\t\n<\/div>\n<\/div><\/div>\n\n\n\n<div class=\"wp-block-column has-global-padding is-content-justification-left is-layout-constrained wp-container-core-column-is-layout-2 wp-block-column-is-layout-constrained\" style=\"padding-right:0;padding-left:0;flex-basis:45vw\">\n<h2 class=\"wp-block-heading\" style=\"font-size:clamp(18.959px, 1.185rem + ((1vw - 3.2px) * 0.863), 30px);\">Restaurant \u00fcber dem See<\/h2>\n\n\n\n<div style=\"height:1em\" aria-hidden=\"true\" class=\"wp-block-spacer\"><\/div>\n\n\n\n<p>Der Einbau eines Restaurants auf dem Dach einer Bootswerft erg\u00e4nzt das Areal an der Bellerivestrasse direkt am Z\u00fcrcher Seeufer mit einer \u00f6ffentlichen Nutzung. Die massive Geb\u00e4udestruktur der heutigen Bootswerft wurde w\u00e4hrend des S-Bahnbaus Ende der 1980er-Jahre als Umladestelle von Frachtbooten auf Lastwagen erstellt.<\/p>\n\n\n\n<p>Kern der Aufgabe war, einen Gastrobetrieb und seinen Zugang gleichzeitig mit dem laufenden Werftbetrieb zu erm\u00f6glichen \u2013 insbesondere mit den im Winterbetrieb auf das Dach ausgewasserten Segelbooten. Um die Nutzungen zu entflechten und sich im rauen Kontext des Geb\u00e4udes, des Gewerbebetriebs und der exponierten Lage zu behaupten, befindet sich der Restaurantbetrieb ein Geschoss erh\u00f6ht und \u00fcberspannt die Struktur der Lichtlaternen der darunterliegenden Werkhalle. Dies wird durch eine rigide Stahlstruktur erm\u00f6glicht, welche an den Fassaden ablesbar bleibt. Im Innenraum finden als Kontrast weichere Materialien wie strukturierte Holzverschalungen Eingang und bilden eine Reminiszenz an Bootskaj\u00fcten.<\/p>\n\n\n\n<div style=\"height:2em\" aria-hidden=\"true\" class=\"wp-block-spacer\"><\/div>\n\n\n\n<div class=\"wp-block-group .block-1 is-horizontal is-content-justification-left is-layout-flex wp-container-core-group-is-layout-1 wp-block-group-is-layout-flex\">\n<p>Auftraggeber: <\/p>\n\n\n\n<p>Privat<\/p>\n<\/div>\n\n\n\n<div class=\"wp-block-group is-horizontal is-content-justification-left is-layout-flex wp-container-core-group-is-layout-2 wp-block-group-is-layout-flex\">\n<p>Adresse, Ort: <\/p>\n\n\n\n<p>Bellerivestrasse, Z\u00fcrich<\/p>\n<\/div>\n\n\n\n<div class=\"wp-block-group is-horizontal is-content-justification-left is-layout-flex wp-container-core-group-is-layout-3 wp-block-group-is-layout-flex\">\n<p>Verfahren: <\/p>\n\n\n\n<p>Projektstudie, 2013<\/p>\n<\/div>\n\n\n\n<div class=\"wp-block-group is-horizontal is-content-justification-left is-layout-flex wp-container-core-group-is-layout-4 wp-block-group-is-layout-flex\">\n<p>Nutzung: <\/p>\n\n\n\n<p>Gastronomie<\/p>\n<\/div>\n\n\n\n<div class=\"wp-block-group is-horizontal is-content-justification-left is-layout-flex wp-container-core-group-is-layout-5 wp-block-group-is-layout-flex\">\n<p>Projektteam:<\/p>\n\n\n\n<p>Julian Ganz, Lorenz M\u00f6rikofer<\/p>\n<\/div>\n<\/div>\n<\/div>\n","protected":false},"excerpt":{"rendered":"<p>Restaurant \u00fcber dem See Der Einbau eines Restaurants auf dem Dach einer Bootswerft erg\u00e4nzt das Areal an der Bellerivestrasse direkt am Z\u00fcrcher Seeufer mit einer \u00f6ffentlichen Nutzung. Die massive Geb\u00e4udestruktur der heutigen Bootswerft wurde w\u00e4hrend des S-Bahnbaus Ende der 1980er-Jahre als Umladestelle von Frachtbooten auf Lastwagen erstellt. Kern der Aufgabe war, einen Gastrobetrieb und seinen [&hellip;]<\/p>\n","protected":false},"author":2,"featured_media":0,"parent":0,"menu_order":0,"comment_status":"closed","ping_status":"open","template":"wp-custom-template-aljs-03-2","meta":{"_vp_format_video_url":"","_vp_image_focal_point":[],"_vp_custom_popup_image":0,"_vp_format_audio_url":"","_vp_custom_thumbnail":0,"_vp_custom_thumbnail_focal_point":[],"_vp_hover_thumbnail":0,"_vp_hover_thumbnail_focal_point":[],"footnotes":""},"class_list":["post-1153","page","type-page","status-publish","hentry"],"_links":{"self":[{"href":"https:\/\/ganzarchitektur.ch\/index.php?rest_route=\/wp\/v2\/pages\/1153","targetHints":{"allow":["GET"]}}],"collection":[{"href":"https:\/\/ganzarchitektur.ch\/index.php?rest_route=\/wp\/v2\/pages"}],"about":[{"href":"https:\/\/ganzarchitektur.ch\/index.php?rest_route=\/wp\/v2\/types\/page"}],"author":[{"embeddable":true,"href":"https:\/\/ganzarchitektur.ch\/index.php?rest_route=\/wp\/v2\/users\/2"}],"replies":[{"embeddable":true,"href":"https:\/\/ganzarchitektur.ch\/index.php?rest_route=%2Fwp%2Fv2%2Fcomments&post=1153"}],"version-history":[{"count":9,"href":"https:\/\/ganzarchitektur.ch\/index.php?rest_route=\/wp\/v2\/pages\/1153\/revisions"}],"predecessor-version":[{"id":1416,"href":"https:\/\/ganzarchitektur.ch\/index.php?rest_route=\/wp\/v2\/pages\/1153\/revisions\/1416"}],"wp:attachment":[{"href":"https:\/\/ganzarchitektur.ch\/index.php?rest_route=%2Fwp%2Fv2%2Fmedia&parent=1153"}],"curies":[{"name":"wp","href":"https:\/\/api.w.org\/{rel}","templated":true}]}}